 are the prime factors of q?
43
Suppose 0*u - 3 = 3*u. Let t(c) = c**2 - c - 1. Let b(m) = -13*m**2 + 2*m + 3. Let l(n) = -b(n) - 4*t(n). What are the prime factors of l(u)?
2
List the prime factors of (-36 - -20)/((-1)/12).
2, 3
Suppose 0 = 2*i + 71 - 229. List the prime factors of i.
79
Let x(o) = -o**2 - 21*o - 7. What are the prime factors of x(-12)?
101
Let h(q) = q**2 + 3*q. Let f be h(-2). What are the prime factors of (f + 1)*-13 + 0?
13
Let r(j) = -j + 1. Let s be r(1). What are the prime factors of 3 - (1 + (0 - s))?
2
Let v(z) = -z**2 + 8*z - 7. Let y be v(7). Suppose 5*m = -2*f - 0*f + 43, 2*f + m - 31 = y. List the prime factors of f.
2, 7
Suppose -717 = -4*s + 223. What are the prime factors of s?
5, 47
Let q(t) = 63*t - 63. List the prime factors of q(7).
2, 3, 7
Suppose 0 = -w - a + 53, 0 = 5*w + a - 6*a - 235. Let g = -30 + w. List the prime factors of g.
2, 5
Let q = -71 - -47. List the prime factors of (12/2)/((-9)/q).
2
List the prime factors of 0 - ((-8)/(-2) + -151).
3, 7
Let f(d) = 2*d**2 - 12*d - 9. What are the prime factors of f(9)?
3, 5
Let p(g) = 0 + 2 + 2 - 2*g. Let v = 5 + -8. What are the prime factors of p(v)?
2, 5
Let x be 2*(-5)/2 - -2. Let q = 0 - x. What are the prime factors of q?
3
Let n be (-4 - (0 - 1))/(-3). Suppose j - n = 1. List the prime factors of j.
2
Let z be 1 + (-26)/(0 - 2). What are the prime factors of 4/(-14) + 438/z?
31
Suppose -5*t + 0*t = 0. Suppose -a = -t*a. Suppose 2*m + 0 - 10 = a. List the prime factors of m.
5
Let v(x) = x**3 + 5*x**2 + 2. Let p be 3/12 + 42/(-8). Let q be v(p). Suppose q = l - 4. List the prime factors of l.
2, 3
Let t(v) = v - 7. Let s be t(-6). What are the prime factors of (3 + -1)*s/(-2)?
13
Let q(z) = -z**3 + 2*z**2 + 4*z - 2. Let n = 6 + -3. Let h be q(n). Suppose h = 2*c - 5. What are the prime factors of c?
3
Suppose 3*w + 50 = 185. Suppose 5*c - w = -0*c. What are the prime factors of c?
3
List the prime factors of (-167)/(-11) + 4/(-22).
3, 5
Let p = -65 - -45. Let x be 10/25 + (-39)/(-15). What are the prime factors of x/(1 - 7)*p?
2, 5
Suppose 3*m + m = n + 375, 4*n - 360 = -4*m. List the prime factors of m.
3, 31
Let q(w) = w**2 + 4*w - 9. Let t be q(-7). Let n = t + 3. List the prime factors of n.
3, 5
Let r = 15 - -59. List the prime factors of r.
2, 37
Let h(m) = m**2 + 9*m - 9. List the prime factors of h(7).
103
Let c(m) = 6*m + 15. List the prime factors of c(7).
3, 19
Suppose -2*g = 5*t - 62, 5*t + 61 = -3*g + 4*g. List the prime factors of g.
41
Let y be 4/24 - 17/(-6). Suppose y*o = 2*b - 56 - 4, -4*o = -b + 25. What are the prime factors of b?
3, 11
Let k(m) = m - 2. Let b be k(3). Suppose -4*n + 153 = b. What are the prime factors of n?
2, 19
Suppose 0 = 5*m - m. Suppose 3*x = -4*d + 2*d + 38, m = x - 4. List the prime factors of d.
13
Suppose 0*k + 2*k - 2*n = 10, -5*n + 3 = 2*k. Let x = k + -1. Suppose 20 = 8*t - x*t. What are the prime factors of t?
2
Let u(m) be the second derivative of m**4/12 - m**3/6 - m**2/2 - m. Let y = 4 - 1. What are the prime factors of u(y)?
5
Let u(j) = j - 2. Let k be u(0). Suppose 0 = -5*b - 23 + 78. Let a = b + k. What are the prime factors of a?
3
Suppose -4*q - 20 = 0, 0*r - r = -q - 45. List the prime factors of r.
2, 5
Let k(t) be the third derivative of t**6/720 + t**5/12 - t**4/12 + 3*t**2. Let m(l) be the second derivative of k(l). What are the prime factors of m(0)?
2, 5
Suppose 2*a - 9 = 5*l, -2*l + 3*l + a + 6 = 0. Let h be l*(1 - 6/3). What are the prime factors of 10/(3 + -1)*h?
3, 5
Let s(c) = -c**2 - 8*c - 8. Let l be s(-6). Suppose l*y - 10 = -y. List the prime factors of y.
2
Suppose 0*r - 2*r + 426 = 0. List the prime factors of 1/4 + r/12.
2, 3
Let p = 12 - 0. Suppose 2*r + 5*g = -16, 4*r + 5*g = -0*r - p. Suppose x - 8 = -0*x - y, -r*x + 4*y = 14. List the prime factors of x.
3
Suppose 2 = -3*v - 10. List the prime factors of -3 + 1 + (1 - v).
3
Let i(q) = q**3 + q**2 - 3*q + 2. Let h be i(2). Suppose m = -3 + h. Suppose y + 0 = m. List the prime factors of y.
5
Suppose 2*v + 4 = v. Let n = 6 + v. Suppose l - 12 = -3*p, -n*p - 51 = -3*l - 15. List the prime factors of l.
2, 3
Suppose -5*a + 152 - 9 = 3*g, -2*g + 110 = -4*a. What are the prime factors of g?
3, 17
Suppose -4*n + 5 + 11 = 0. List the prime factors of n.
2
Let m(y) = -51*y + 27. What are the prime factors of m(-5)?
2, 3, 47
Let f = -24 + 219. List the prime factors of f.
3, 5, 13
Suppose 0 = -5*t - 4*x - 5, 3*x = -4*t - 0 - 3. What are the prime factors of (4 - 3) + 8 + t?
2, 3
Let l = -49 + 108. List the prime factors of l.
59
Suppose -5*r + 5*v = -5, -r - 2*v = -4 - 6. Suppose 5*w - 2*q - 44 = -5*q, -w - r*q = -19. What are the prime factors of w?
7
Let o = -158 - -223. Suppose 0 = 6*n - n + o. List the prime factors of (0 - n) + (2 - 2).
13
Let q be 332/6 - 4/(-6). Suppose -2*n - q = 2*p - 7*p, 2*n = p - 16. What are the prime factors of p?
2, 5
Let a(d) = -12*d + 15. List the prime factors of a(-8).
3, 37
Suppose -4*c = -3*a - 11, 4*c + 0 = -4. Let g be (a/2)/((-2)/(-4)). Let f = g - -18. List the prime factors of f.
13
Let d = 556 - 299. What are the prime factors of d?
257
Suppose -4*y + 12 = -4*r, r + 2*r = -y + 7. What are the prime factors of y?
2
Suppose 2*y = -4*b + 3*y + 65, -5*y = b - 11. Suppose 3*g + 2*g - 3*d - b = 0, -5*g - 2*d + 6 = 0. List the prime factors of g.
2
Let n(i) = i**2 - 19*i - 25. What are the prime factors of n(-10)?
5, 53
Suppose 4*w + 0*v - v = 67, -3*w + 3*v + 39 = 0. What are the prime factors of w?
2, 3
Let n(u) = 8 - 2 - 2*u + u**2 + 9 + 3*u. What are the prime factors of n(0)?
3, 5
Let j(a) be the third derivative of a**4/24 - a**3/3 - 2*a**2. List the prime factors of j(4).
2
Suppose 0 = 4*t - t. Let o(n) = -n**2 + n - 9. Let x(d) = d**2 - d + 8. Let s(z) = 6*o(z) + 7*x(z). List the prime factors of s(t).
2
Suppose 2*p + 3*g = 7*g + 676, 4*p = 3*g + 1337. List the prime factors of p.
2, 83
Let x(a) = -a + 2. Let u be x(-2). Suppose -36 = -u*d - 0*d. What are the prime factors of (-2)/(-4) - d/(-2)?
5
Suppose 0 = 10*g - 52 - 8. What are the prime factors of g?
2, 3
Suppose -4*s - 6*g + g + 673 = 0, 0 = 5*s + 4*g - 848. What are the prime factors of s?
2, 43
Let f(r) = -r**2 + 7*r - 7. Let z be f(5). Suppose -5*j - 3*d + d = -10, z*d = -15. Suppose -12 = -4*k, 3*g = g + 4*k + j. What are the prime factors of g?
2
Let p = -185 - -479. List the prime factors of p.
2, 3, 7
Suppose 2*x - 4*k = 4*x - 202, -2*k - 364 = -4*x. What are the prime factors of x?
3, 31
Suppose 5*s - 2*f - 36 = 0, -30 = -3*s - 0*f + 4*f. List the prime factors of s.
2, 3
Suppose 2*v + 3*x - 6 = -2*v, -5*x - 1 = 3*v. Suppose v*j + 5*a + 110 = 8*j, 4*a = 20. What are the prime factors of j?
3
Let x be 1/(1 - 6/9). Suppose -1 = x*y - 7. Suppose 5*m - 51 = -3*u, -y*u + 47 = 5*m - u. List the prime factors of m.
3
Suppose 11 - 5 = -c - 5*m, -m = -c + 6. Suppose -5*t - 4*o + 48 = -3*o, -o - 33 = -c*t. What are the prime factors of t?
3
Let z(a) = -a + 7. Let j be z(3). Suppose 3*p - p - j = 0. List the prime factors of p.
2
Let f(n) = n**2 - 9*n + 3. Let i be f(9). Suppose -5*d = -3*l + 26, -8 = 3*l - l + i*d. Let k(u) = u**3 - u - 2. List the prime factors of k(l).
2
Let g(j) = j**2 + 3*j + 1. Let o be (21/(-12))/((-3)/(-12)). Let v(w) = w + 2. Let f be v(o). What are the prime factors of g(f)?
11
Suppose 5*w = 10*w - 1115. List the prime factors of w.
223
Suppose 3*l = w + 124, -4*l + 0*w = -2*w - 168. Suppose -110 + 45 = -5*h + 4*d, -5*h = d - l. List the prime factors of h.
3
Let c(v) = v + 2. Let r be c(-2). Suppose 0*y + y - 32 = r. Suppose 5*p + 2*m = y, -22 = -p + m - 10. List the prime factors of p.
2
Let k be 4/(-3 + (-28)/(-9)). Suppose -3*d = 3*l - k, -d = l - 4*d - 24. List the prime factors of l.
3, 5
Let t be -2 + (3 - (-4 - -3)). Suppose 0*x - 24 = -t*x + 4*r, 10 = x - 4*r. What are the prime factors of x?
2, 7
Let x be (-13)/(-2) + 2/(-4). Let h be ((-24)/10)/(x/(-80)). Suppose -h = -4*m + 5*z, m + m - 2*z - 16 = 0. List the prime factors of m.
2
Let g(f) = -f**3 - 3*f - 2. Let x(p) = -p - 8. Suppose 0*c - 5*t + 37 = -2*c, 0 = -5*c - t - 25. Let m be x(c). What are the prime factors of g(m)?
2, 3
Let m(o) = 3*o - 9. Let t be m(6). List the prime factors of ((-13)/2)/(t/(-18)).
13
Let g = -26 - -45. Li